r of 76184 and 41944?
856
Calculate the highest common factor of 5475 and 1950.
75
Calculate the greatest common divisor of 48981 and 3567.
87
What is the greatest common divisor of 15 and 5475?
15
Calculate the greatest common divisor of 50592 and 192.
96
Calculate the greatest common factor of 7 and 294273.
7
Calculate the greatest common divisor of 56516 and 9353.
199
Calculate the greatest common divisor of 121107 and 474.
237
What is the highest common factor of 72 and 46480?
8
What is the highest common factor of 2 and 473054?
2
Calculate the greatest common factor of 6496 and 13688.
232
Calculate the highest common divisor of 76 and 18164.
76
Calculate the highest common divisor of 16 and 414144.
16
Calculate the highest common divisor of 1491162 and 186.
186
What is the highest common factor of 507473 and 2545?
509
Calculate the greatest common factor of 2888 and 139498.
38
What is the highest common divisor of 12710 and 5330?
410
What is the highest common factor of 420 and 70140?
420
What is the highest common divisor of 67858 and 185?
37
What is the highest common divisor of 30438 and 86686?
178
What is the highest common divisor of 40836 and 187452?
492
Calculate the highest common divisor of 24125 and 1351.
193
Calculate the greatest common divisor of 19126 and 4672.
146
Calculate the highest common divisor of 9 and 438678.
9
What is the highest common factor of 11720 and 120?
40
What is the greatest common factor of 806 and 4?
2
What is the greatest common factor of 3 and 27381?
3
Calculate the greatest common divisor of 5451 and 5767.
79
What is the highest common divisor of 681 and 150047?
227
What is the highest common factor of 4410 and 384552?
882
Calculate the greatest common divisor of 26 and 177931.
13
What is the greatest common factor of 266176 and 832?
64
Calculate the highest common divisor of 14898 and 1638.
78
What is the greatest common divisor of 215229 and 555?
111
Calculate the highest common factor of 3516181 and 5465.
1093
What is the highest common factor of 767753 and 201?
67
Calculate the highest common factor of 15760 and 240.
80
What is the highest common factor of 10 and 3549835?
5
What is the greatest common factor of 970 and 49858?
194
What is the highest common divisor of 82412 and 220?
44
What is the highest common divisor of 43918 and 5446?
14
Calculate the highest common divisor of 83514 and 30.
6
What is the highest common divisor of 812 and 3712?
116
What is the highest common divisor of 1326 and 676?
26
What is the greatest common divisor of 218565 and 2295?
135
What is the highest common divisor of 12224344 and 212?
212
Calculate the highest common divisor of 31297 and 1190.
119
What is the greatest common factor of 6930 and 8745?
165
What is the greatest common factor of 2554 and 2115989?
1277
Calculate the greatest common factor of 39 and 7095907.
13
Calculate the highest common factor of 71964 and 32.
4
What is the greatest common divisor of 10260 and 43110?
90
What is the highest common factor of 61867 and 39?
13
Calculate the greatest common divisor of 38356 and 344.
172
What is the highest common divisor of 4495 and 70035?
145
Calculate the highest common factor of 7379 and 53851.
157
Calculate the greatest common factor of 390 and 23738.
26
Calculate the greatest common divisor of 12627 and 1342.
61
What is the greatest common divisor of 170 and 2461940?
170
Calculate the highest common divisor of 385 and 8635.
55
What is the greatest common divisor of 7283990 and 2380?
1190
Calculate the highest common divisor of 1612 and 4588.
124
Calculate the greatest common divisor of 18 and 4203.
9
Calculate the highest common divisor of 53 and 10547.
53
Calculate the highest common divisor of 1038 and 53630.
346
Calculate the highest common factor of 40 and 36744.
8
What is the greatest common divisor of 18 and 2662?
2
What is the greatest common factor of 84455 and 437?
19
What is the highest common factor of 3893 and 13282?
229
Calculate the highest common factor of 338 and 218.
2
Calculate the highest common factor of 2508 and 264.
132
Calculate the greatest common divisor of 111 and 1530.
3
What is the greatest common divisor of 3385 and 81917?
677
Calculate the highest common factor of 103761 and 48251.
427
What is the greatest common divisor of 792 and 696?
24
What is the highest common divisor of 30 and 710970?
30
What is the greatest common factor of 270 and 13020?
30
What is the highest common factor of 321610 and 3190?
290
Calculate the greatest common factor of 12 and 6.
6
What is the highest common divisor of 2542 and 29?
1
What is the greatest common factor of 13031 and 415?
83
What is the highest common factor of 1615 and 8455?
95
What is the greatest common divisor of 1170 and 145860?
390
What is the highest common divisor of 549479 and 14?
7
Calculate the greatest common divisor of 27 and 19485.
9
What is the highest common factor of 6871704 and 21?
21
What is the greatest common factor of 78384 and 2484?
276
What is the greatest common divisor of 20601 and 436?
109
What is the greatest common divisor of 3114 and 774?
18
Calculate the greatest common factor of 20172 and 96.
12
Calculate the highest common divisor of 57 and 29336.
19
Calculate the greatest common factor of 8700 and 147975.
75
Calculate the greatest common divisor of 1110 and 41181.
111
What is the greatest common divisor of 74 and 6362?
2
What is the highest common factor of 8 and 996064?
8
What is the greatest common divisor of 1680 and 1529430?
210
What is the highest common divisor of 1080 and 2010555?
135
What is the highest common factor of 71434 and 14134?
382
Calculate the highest common factor of 182 and 10946.
26
Calculate the greatest common divisor of 1504 and 99593.
47
What is the highest common factor of 13 and 1554163?
13
What is the highest common divisor of 146 and 216226?
146
Calculate the greatest common factor of 20621 and 2.
1
What is the highest common factor of 155 and 644955?
155
What is the highest common divisor of 1320 and 40612?
44
What is the highest common divisor of 2300 and 36156?
92
What is the highest common divisor of 3317 and 21079?
107
Calculate the greatest common divisor of 3765 and 138552.
753
Calculate the highest common divisor of 51 and 53006.
17
What is the highest common divisor of 130 and 75985?
65
Calculate the highest common divisor of 10593 and 3663.
99
Calculate the highest common divisor of 86850 and 100.
50
What is the highest common factor of 896 and 14000?
112
Calculate the greatest common factor of 52 and 39533.
13
What is the greatest common factor of 223817 and 33?
11
What is the highest common factor of 100 and 482525?
25
What is the greatest common divisor of 29390 and 50?
10
What is the highest common factor of 1500 and 1455?
15
Calculate the greatest common divisor of 2211 and 64320.
201
Calculate the highest common factor of 56690 and 110.
10
Calculate the greatest common factor of 280 and 82110.
70
What is the greatest common factor of 1138926 and 10458?
498
Calculate the greatest common divisor of 14223 and 7656.
33
What is the highest common divisor of 292006 and 299?
13
Calculate the greatest common divisor of 7493 and 2032.
127
What is the greatest common divisor of 5240592 and 42?
42
What is the highest common divisor of 16 and 21496?
8
What is the highest common factor of 462 and 4326?
42
Calculate the greatest common divisor of 758 and 575322.
758
Calculate the highest common factor of 63037 and 2535.
169
What is the highest common factor of 22725 and 1125?
225
Calculate the greatest common factor of 9960 and 2280.
120
Calculate the highest common divisor of 2961 and 951.
3
Calculate the highest common factor of 3002 and 380.
38
Calculate the highest common divisor of 7953 and 88.
11
What is the greatest common factor of 308 and 24892?
28
What is the highest common divisor of 2166 and 576?
6
Calculate the highest common factor of 50 and 443950.
50
Calculate the highest common factor of 19776 and 4416.
192
Calculate the greatest common factor of 7160 and 410.
10
Calculate the greatest common divisor of 708 and 113457.
177
Calculate the greatest common divisor of 2048306 and 78.
26
Calculate the highest common divisor of 72334 and 236.
118
Calcu